17).
-2
Let n(w) = -4*w**2 - 259*w - 670. Give n(-62).
12
Let m(r) = 5*r**2 + 45*r - 143. What is m(3)?
37
Let a(q) = -3*q**2 - 21*q + 27. Determine a(-8).
3
Let f(b) = -440*b + 16718. Give f(38).
-2
Let h(u) = -u**2 + 66*u - 347. Give h(6).
13
Let q(k) = k**3 + 14*k**2 + 35*k - 41. Determine q(-5).
9
Let s(y) = -y**3 + 18*y**2 - 49*y + 27. Calculate s(16).
-245
Let t(w) = w**3 + 85*w**2 + 872*w - 296. Determine t(-73).
-4
Let f(j) = 8*j**2 - 133*j + 50. Calculate f(21).
785
Let k(b) = 413*b - 21428. Determine k(52).
48
Let y(n) = n**3 - 13*n**2 - 5*n + 160. Determine y(12).
-44
Let k(a) = -4*a**2 - 6*a + 44. Determine k(7).
-194
Let d(h) = -50*h - 947. Give d(-19).
3
Let a(h) = 3*h**2 + 467*h - 7126. Calculate a(14).
0
Let x(a) = 2*a**3 + 13*a**2 - 5. What is x(-6)?
31
Let q(b) = 4*b - 254. What is q(15)?
-194
Let n(q) = -2*q**3 - 296*q**2 - 2752*q + 1096. Determine n(-138).
-8
Let x(l) = l + 55. Give x(-65).
-10
Let x(c) = -112*c - 76. Give x(-1).
36
Let f(q) = q**2 + 23*q - 104. Give f(4).
4
Let q(a) = 3*a**3 + 9*a**2 - 2*a + 46. Give q(-7).
-528
Let u(p) = -p**3 - 32*p**2 - 67*p + 3007. Determine u(-24).
7
Let r(v) = -v**2 + 118*v + 27496. Determine r(-117).
1
Let s(f) = -2*f**2 + 146*f - 9. Calculate s(0).
-9
Let c(p) = -5*p - 405. What is c(-87)?
30
Let u(a) = -13*a**2 + 146*a - 293. Calculate u(2).
-53
Let j(d) = 16*d - 206. What is j(17)?
66
Let j(z) = 20*z + 328. What is j(-17)?
-12
Let u(h) = -9846*h - 78769. Calculate u(-8).
-1
Let s(u) = u**3 - 3*u**2 + 76*u + 463. What is s(-6)?
-317
Let o(v) = -5*v**3 - 7*v**2 + 3*v - 6. What is o(2)?
-68
Let u(i) = i**3 - 76*i**2 - 402*i - 241. Determine u(81).
2
Let a(k) = k**3 - 18*k**2 - 57*k - 35. Determine a(20).
-375
Let w(l) = 14*l + 558. Give w(-40).
-2
Let d(q) = -6*q**2 - 11*q - 26. Determine d(-2).
-28
Let l(f) = 2*f**3 + 48*f**2 - 51*f - 13. Calculate l(-25).
12
Let x(n) = -n**2 - 60*n - 820. Give x(-40).
-20
Let w(l) = l**3 + 84*l**2 + 861*l - 45. What is w(-72)?
171
Let p(r) = -6*r**2 + 189*r + 1616. Calculate p(-7).
-1
Let f(n) = 45*n - 5252. Calculate f(117).
13
Let n(b) = b**3 - 17*b**2 - 312*b + 5287. Determine n(18).
-5
Let x(p) = -p**3 + 12*p**2 - 43*p + 71. Give x(11).
-281
Let k(n) = 674*n - 6733. Calculate k(10).
7
Let r(i) = 3*i - 22. Give r(2).
-16
Let z(a) = -a**3 - 35*a**2 + 116*a + 81. Determine z(-38).
5
Let x(p) = -48*p**2 - 6*p - 4. Determine x(-1).
-46
Let d(q) = -4*q**2 + 181*q - 181. Calculate d(1).
-4
Let j(u) = 2*u**3 - 50*u**2 - 6*u + 166. Calculate j(25).
16
Let r(b) = 14*b + 212. What is r(51)?
926
Let i(s) = 302*s - 6930. Give i(23).
16
Let w(y) = 4*y**3 + 515*y**2 + 364*y - 2548. Determine w(-128).
12
Let x(m) = -m**2 - 24*m - 24. Determine x(-20).
56
Let r(m) = 439*m - 33. Calculate r(0).
-33
Let v(q) = -q**3 - 14*q**2 + 4*q - 52. Determine v(-12).
-388
Let d(n) = -n**3 - 35*n**2 - 38*n - 105. What is d(-34)?
31
Let r(w) = -w**3 - 37*w**2 + 42*w - 37. What is r(-38)?
-189
Let x(n) = -14*n**2 - 233*n - 109. Give x(-16).
35
Let b(r) = -657*r - 1318. Give b(-2).
-4
Let v(s) = -s**2 - 7*s + 1680. Calculate v(-44).
52
Let m(x) = -9*x**3 + 35*x**2 + 17*x - 93. Give m(4).
-41
Let n(o) = -o**3 + 4*o**2 - 3*o - 4. What is n(7)?
-172
Let v(z) = z**3 + 150*z**2 - 185*z - 5122. Determine v(-151).
12
Let m(c) = -15*c**3 - 180*c**2 + 5*c + 55. What is m(-12)?
-5
Let w(f) = 7*f**3 - 2*f**2 + 6*f - 12. Determine w(2).
48
Let x(m) = m**3 - 68*m**2 + 1075*m + 11. Calculate x(25).
11
Let z(n) = 27*n**2 - 3*n - 63. Determine z(5).
597
Let g(o) = 22*o**2 + 258*o + 81. Determine g(-11).
-95
Let b(a) = -a**3 - 68*a**2 - 275*a - 19. Determine b(-4).
57
Let r(s) = 2*s**2 + 46*s - 116. Give r(-20).
-236
Let m(b) = b**2 + 151*b - 779. Determine m(5).
1
Let i(h) = -h**2 + 54*h - 542. Determine i(38).
66
Let o(z) = -131*z - 772. What is o(-6)?
14
Let d(t) = 258*t + 1566. Determine d(-6).
18
Let g(b) = -125*b - 758. Determine g(-6).
-8
Let y(g) = g**3 + 69*g**2 + 2*g + 147. What is y(-69)?
9
Let j(u) = 3*u**2 + 8*u + 3. What is j(8)?
259
Let z(h) = 361*h - 2557. Determine z(7).
-30
Let n(r) = -r**3 - 7*r**2 - 12*r - 7. Determine n(-7).
77
Let s(a) = -13*a + 60. Calculate s(4).
8
Let d(t) = -9*t**3 - 53*t**2 + 10*t + 33. Calculate d(-6).
9
Let j(o) = 239*o - 13857. Calculate j(58).
5
Let h(n) = -71*n - 351. Determine h(-5).
4
Let y(l) = -22*l**2 + 57*l + 1. What is y(2)?
27
Let f(r) = -25*r - 1571. Determine f(-63).
4
Let u(m) = m**3 - 33*m**2 - 3*m + 157. What is u(33)?
58
Let l(q) = q**3 - 33*q**2 - 61*q + 147. Determine l(-3).
6
Let s(j) = -5*j**3 + 84*j**2 + 13*j + 86. What is s(17)?
18
Let n(w) = 689*w - 4022. What is n(6)?
112
Let r(l) = l**3 - 8*l**2 - 216*l - 113. What is r(-11)?
-36
Let v(p) = p**3 + 38*p**2 + 299*p + 26. Give v(-11).
4
Let m(d) = 9*d**3 + 477*d**2 - 4*d - 215. What is m(-53)?
-3
Let h(m) = 15*m - 121. Determine h(8).
-1
Let w(c) = c**2 + 14*c - 10. Calculate w(-13).
-23
Let c(h) = -41*h + 154. What is c(4)?
-10
Let y(l) = -l**3 - 54*l**2 + 18*l + 238. Determine y(-54).
-734
Let q(w) = -w**3 - 21*w**2 - 86*w + 32. What is q(-16)?
128
Let m(k) = -k**3 - 12*k**2 - 234*k - 1860. Determine m(-9).
3
Let j(h) = 5*h + 266. What is j(5)?
291
Let w(l) = 1384*l - 1382. What is w(1)?
2
Let x(s) = -s**2 + 29*s + 75. What is x(-3)?
-21
Let l(v) = -2*v**2 - 99*v + 599. What is l(6)?
-67
Let w(k) = -32608*k - 130443. Determine w(-4).
-11
Let l(j) = 7*j**2 - 1193*j + 524. Calculate l(170).
14
Let d(w) = -2*w + 128. Give d(33).
62
Let y(n) = -n**2 + 100*n - 2341. What is y(63)?
-10
Let y(p) = 6*p**2 - 2*p - 1. Calculate y(-1).
7
Let n(w) = 171*w + 3456. Determine n(-20).
36
Let w(r) = r**3 + 14*r**2 + 39*r + 19. What is w(-3)?
1
Let v(m) = -30*m + 135. Calculate v(5).
-15
Let c(n) = -n**3 + 154*n**2 - 1837*n + 560. Give c(141).
-4
Let w(q) = 4*q**2 + 28*q + 19. Calculate w(-2).
-21
Let c(t) = -149*t**2 + 276*t + 6. Determine c(2).
-38
Let f(r) = -4*r**2 - 170*r - 1048. What is f(-35)?
2
Let l(s) = -2*s**3 - 17*s**2 - 4*s + 55. Give l(-10).
395
Let f(u) = u**2 + 63*u + 768. Calculate f(-42).
-114
Let a(p) = -41*p + 351. Calculate a(4).
187
Let k(x) = 2*x**2 + 64*x + 279. What is k(-27)?
9
Let f(s) = -7*s**2 - 814*s + 491. Give f(-117).
-94
Let o(t) = 3*t**2 + 178*t - 2279. Determine o(11).
42
Let m(w) = -26*w - 926. Calculate m(-34).
-42
Let o(a) = -18*a + 2326. Calculate o(87).
760
Let c(d) = -265*d - 692. Determine c(-3).
103
Let x(h) = h**3 - 21*h**2 + 81*h - 797. What is x(19)?
20
Let p(s) = 4*s**3 - 396*s**2 - 10*s + 998. What is p(99)?
8
Let c(a) = -8*a**2 - 136*a - 14. Give c(-17).
-14
Let t(j) = -j**3 - 131*j**2 + 387*j - 2015. What is t(-134)?
-5
Let m(g) = -42*g**2 - 7*g + 1. What is m(-1)?
-34
Let f(v) = -v**3 + 179*v**2 + 542*v + 728. Calculate f(182).
0
Let o(d) = -10*d**2 + 119*d - 373. Calculate o(6).
-19
Let n(c) = c**3 - 30*c - 9. Determine n(-4).
47
Let f(a) = -5*a**3 - 12*a**2 + 42*a - 44. What is f(2)?
-48
Let m(a) = -1889*a - 30217. Determine m(-16).
7
Let x(i) = 2*i - 89. Determine x(-19).
-127
Let v(d) = -d**3 + 15*d**2 - 26*d + 35. Calculate v(13).
35
Let h(k) = -k**3 + 5*k**2 + 15*k - 81. Determine h(4).
-5
Let y(c) = 250*c + 4983. Give y(-20).
-17
Let p(y) = -19*y + 588. What is p(34)?
-58
Let h(w) = 23*w**3 - 17*w**2 - 15*w + 14. Determine h(1).
5
Let r(l) = 4*l**2 + 26*l - 54. Calculate r(-8).
-6
Let w(x) = 11*x**3 + x**2 + 3*x - 4. What is w(1)?
11
Let c(v) = v**3 + 18*v**2 - 107*v - 72. Calculate c(-23).
-256
Let d(x) = -3*x**3 + 98*x**2 - 64*x - 95. Calculate d(32).
-95
Let x(j) = -2*j**3 + 6*j**2 + 14*j + 52. Calculate x(-3).
118
Let d(v) = -113*v - 90. Calculate d(-4).
362
Let r(d) = d**3 + 166*d**2 + 164*d - 166. Calculate r(-165).
-1
Let v(w) = -w**3 - 7*w**2 - 12*w - 47. Calculate v(-6).
-11
Let p(t) = -110*t + 2677. What is p(23)?
147
Let q(c) = -11*c + 411. Determine q(28).
103
Let j(s) = -11*s - 145. Give j(-14).
9
Let n(b) = -100*b + 282. Calculate n(3).
-18
Let c(u) = u**3 + 17*u**2 - 11*u - 174. Calculate c(-17).
13
Let v(y) = -3*y**2 - 107*y + 796. Calculate v(8).
-252
Let n(k) = 31*k - 7. Determine n(6).
179
Let v(x) = -x**2 + 18*x - 43. Calculate v(16).
-11
Let q(f) = 3*f**3 + 10*f**2 + 4*f - 4. What is q(-2)?
4
Let h(l) = -2*l**3 - 13*l**2 + 7*l + 43. Determine h(-6).
-35
Let r(o) = 66*o + 249. Determine r(-3).
51
Let l(j) = -